l + 6 = 0. What is the units digit of b?
2
Let q = 39 - -33. What is the tens digit of q?
7
Let t(n) be the second derivative of -n**4/12 - 5*n**3/3 - n**2 - 5*n. What is the tens digit of t(-6)?
2
Suppose 0 = 5*w - 154 - 286. What is the tens digit of w?
8
Let w be 2/(-3)*-3*2. Suppose -w*b - b = -60. What is the units digit of b?
2
Suppose 0*c + 42 = 4*c - 2*s, -4*s = -c. What is the units digit of c?
2
Let m(i) = -i**2 + 4*i + 3. Let w be m(5). Let h = 2 - w. Suppose 1 = -h*q + 3*k, q + 2*q - k - 3 = 0. What is the units digit of q?
2
Let t(a) = -a**3 + 10*a**2 + 2*a - 3. What is the tens digit of t(10)?
1
Let g = 707 + -397. What is the hundreds digit of g?
3
Let z(h) = -h**3 - 4*h**2 - 15. What is the tens digit of z(-6)?
5
Let z(j) = -j**3 + 5*j**2 - 3*j + 4. What is the units digit of z(4)?
8
Suppose 4*z - 16 = -4*t, -3 = -3*t + z + 1. Let n = -6 + t. Let o = 0 - n. What is the units digit of o?
4
Let q = -12 + 116. What is the hundreds digit of q?
1
Let o(s) = 5*s + 15. Let l(z) = -z**3 - 9*z**2 + 11*z + 15. Let k be l(-10). What is the units digit of o(k)?
0
Let g = 15 - 13. Suppose -g*u + 0*u = -4. What is the units digit of u?
2
Let c be ((-6)/(-3) - 1)*5. Suppose -8*s + 5*y = -7*s - 35, -c*y = 5*s - 25. What is the tens digit of s?
1
Suppose w + 262 = x + 39, w = 0. What is the hundreds digit of x?
2
Let b(i) be the third derivative of -5*i**4/24 - 5*i**3/6 - i**2. Suppose -2*h = -0*h + 8. What is the tens digit of b(h)?
1
Suppose -30*z + 162 = -27*z. What is the units digit of z?
4
Let y = -272 - -386. What is the tens digit of y?
1
What is the tens digit of (-4)/(-6) + (-822)/(-9) + 4?
9
Suppose -4*n + 2*n = -32. Let g = n + 4. Suppose 0 = -2*q - 2*q + g. What is the units digit of q?
5
Let x(q) = -q**2 - 7*q - 4. Let n be x(-6). Let v(d) = -3 + n*d**2 - 1 - 3*d**2 + 6*d. What is the units digit of v(4)?
4
Suppose 3*z + 9 = -p, 0*p - 3*z - 21 = 5*p. Let n(m) be the second derivative of m**4/6 + 2*m**3/3 + m**2 + m. What is the units digit of n(p)?
8
Let z = 112 - -77. What is the hundreds digit of z?
1
Let x(f) = -1 + 4 + 2 - 2*f. Let w be x(6). Let h = -4 - w. What is the units digit of h?
3
Let w(h) = -h**3 + 4*h**2 + 2*h - 4. What is the units digit of w(4)?
4
Let w = 3 - 1. Let b be 1 - (36/(-3) + w). Let v = 23 - b. What is the units digit of v?
2
Suppose -3*v - 5*l + 12 = 0, 2*v + 2*l - 1 = 7. Suppose -v*f = -f - 12, 8 = -2*b + 4*f. What is the units digit of (3 + 1)/(b/14)?
4
Suppose 0 = 5*u - 80 - 10. Suppose 0 = -5*t + 2*k + u + 64, 5*t + 4*k - 76 = 0. What is the units digit of t?
6
Suppose 2*v + 16 = 2*h, v = -h - 0 - 2. Let y(l) = -5*l - 1. Let z be y(-1). Suppose h*a - 6 = 0, 26 = w + 2*w + z*a. What is the units digit of w?
6
What is the tens digit of (-18 + 7)/(-1 + 0)?
1
Suppose -w - 20 = -6*w. Let c = w - 0. What is the units digit of c?
4
Let t = 105 - 70. What is the tens digit of t?
3
Suppose 5*l - 3*q - 181 = 0, 2*q + 1 = -3. What is the tens digit of l?
3
Let c be 18/(-3 + 0) + -2. What is the tens digit of (1*9)/((-4)/c)?
1
What is the tens digit of 2*19*(-10)/(-20)?
1
Suppose -20 = -4*f + 60. What is the units digit of f?
0
Suppose 0 = u + b + 14, -5*b = -4*u - 4*b - 46. What is the units digit of 2/u - 172/(-24)?
7
Let r(j) = j**3 - 5*j**2 - 4*j - 6. Let y be r(6). Let t = -5 + y. What is the units digit of t?
1
Let x(q) = q**2 - 2*q - 3. Let d be x(-2). Suppose -5 = -d*o + 5. What is the units digit of o?
2
Suppose -3*j + 292 = j. What is the units digit of j?
3
Let m = -57 - -155. What is the tens digit of m?
9
Let f(o) = o**2 - 6*o - 1. Let s be f(3). Let b be ((-156)/s)/(8/20). Suppose 0*u + 4*u - 92 = 4*j, 3*u - b = -3*j. What is the units digit of u?
8
Suppose -5*z = -0*z. What is the units digit of (z - (-4)/2) + 9?
1
Let u = 143 - 48. What is the tens digit of u?
9
Suppose -1 = 4*h - 5. Let i be 5 - h - (2 - 4). Suppose -4*g + 20 + 12 = -4*l, -2*g + i = 3*l. What is the units digit of g?
6
Suppose 6 - 1 = 5*h. Suppose -4*a + 0 - 4 = 0. What is the units digit of 3 - (h + a + 2)?
1
Suppose 0*n + 3*n + 356 = 5*x, -2*n = -3*x + 214. What is the tens digit of x?
7
Suppose -11 = -5*n + 9. Let y be 4/(-6)*(-78)/n. Suppose 2*z - z - y = -4*h, 2*z = 10. What is the units digit of h?
2
Suppose -2*f = -0*x - 3*x - 72, -4*x = -2*f + 72. What is the tens digit of f?
3
Suppose -3*a + 30 = 4*m - m, 3*a - 4*m - 16 = 0. Suppose 0*k - 4*k = -a. Suppose 5*u - k = 4*j, -4*j + u = -3*u. What is the units digit of j?
2
Suppose 3*r = 2*q - 93, 6*r - 3*r - 213 = -4*q. What is the tens digit of q?
5
Let c = 6 - 3. Suppose -c*s + 38 = -j, 2 = s - j + 6*j. What is the units digit of s?
2
Let j be 20*((1 - -1) + -1). Suppose 0*s = -4*s + j. Suppose 2*k - 16 = -5*a, -3*a + a + 19 = s*k. What is the units digit of a?
2
Suppose 18*g - 2*g = 7008. What is the units digit of g?
8
Let z(j) = j**3 + 8*j**2 + 3*j - 3. Let i be z(-6). What is the units digit of ((-18)/(-27))/(2/i)?
7
Suppose 3*l + 3*n - 2*n = -14, -5*l - 10 = -n. Let f be (-20)/l + 2/(-3). What is the units digit of (f/(-4))/((-3)/6)?
3
Let r be 1 - 5/1 - -1. Suppose -x + 0*x - 5 = 0, 4*k + 2*x = -38. Let o = r - k. What is the units digit of o?
4
Let z(p) = -p**3 - 2*p**2 + p. Let l = 5 - 8. What is the units digit of z(l)?
6
Let g(f) = -f**2 + 9*f + 4. Let d = -4 + 4. Suppose 5*z - 20 - 25 = d. What is the units digit of g(z)?
4
Let s = -9 + 20. Suppose -25 = -3*b + 2*i + s, -65 = -5*b + 5*i. Let m = b + -6. What is the units digit of m?
4
Suppose 0 = 13*t - 14*t + 8. What is the units digit of ((-12)/9)/(t/(-12))?
2
Suppose -1531 = -5*j - 0*j - b, -3*b + 1533 = 5*j. What is the units digit of ((-1)/2)/((-9)/j)?
7
Let b = 107 - -57. What is the tens digit of b?
6
Let o = -1 + 5. Suppose -4*p = -2*p - o. Suppose 3*f = -3*m + 4 + p, 24 = 5*m - 2*f. What is the units digit of m?
4
Let o(b) = 2 - 11*b - b**3 - 6 - 4 - 11*b**2. Let p be o(-10). Suppose p*d - 3 = -1. What is the units digit of d?
1
Let r = -400 - -673. What is the tens digit of r?
7
Suppose 5*q + 2 - 17 = 0. Suppose -2*x + q*f + 23 = 0, 0*x - 4*x + 31 = -3*f. What is the units digit of x?
4
Suppose 3*j - 185 = 4*t, 5*t - 30 = -j - 0*t. What is the units digit of j?
5
Let d(c) = -c - 2. Suppose 5*m + 33 = -2*s, 2*s + 2 = 2*m + 4. Let o be d(s). Suppose -5*k + 5*q + 100 = 0, -2*k - o*k = q - 55. What is the tens digit of k?
1
Let q be (0 - 3) + 2 - -3. Suppose -q*i + 2 = 4. What is the units digit of (2/(-3))/(i/9)?
6
Let s be ((-6)/2)/(3/(-2)). Suppose 0 = -s*m - 8, -4*p = -m - 2 - 10. What is the units digit of p?
2
Suppose -o + 2*o + j = 4, -4*j = -4*o. Suppose 0 = s - t - 0 - 14, o*s - 52 = -4*t. What is the units digit of s?
8
Let y(d) = -d**2 - 7*d - 4. Let v be y(-6). Suppose -3*m - 3*a + 5*a = -178, -3*m = v*a - 158. What is the tens digit of m?
5
Let s be (-1 - (-32)/(-10))*5. Let k = s - -39. What is the tens digit of k?
1
What is the tens digit of 21/(-9)*(-18 + 0)?
4
Suppose 12 = 5*r - 2*r. Let a = -1 + r. What is the units digit of a?
3
Let w(b) = -5*b**2 + 2 - 3*b + 0 + b**2 - b**3. Let a be w(-3). Suppose 3*x + d - a = 0, -6*x - 14 = -3*x + 5*d. What is the units digit of x?
2
Let h(u) = -11*u - 22. Let j be h(-9). Suppose t = 2*c - 28, -6*t = 5*c - 5*t - j. What is the units digit of c?
5
Suppose 0 = 5*p - 2*b + 7 - 90, 5*p - 87 = -2*b. What is the units digit of p?
7
What is the hundreds digit of (-10)/(-55) + 4110/22?
1
Suppose -4*q = q - 10. Suppose q*j - 44 - 52 = 0. What is the units digit of (-2)/(-10) - j/(-10)?
5
Suppose 0 = 4*f + k - 192, 0*k + 5*k - 161 = -3*f. What is the units digit of f?
7
Let p(k) = 14 - 3 + k + 0. What is the units digit of p(-8)?
3
Let r(z) = z + 4. Let g be r(-2). Suppose -5*d - 14 = 2*a, 0*d = 5*a - g*d - 23. What is the units digit of a*(-8)/(-3) - 2?
6
Suppose 6*z + 4 = 4*z. Let y(k) be the second derivative of 5*k**4/12 + k**3/6 - k**2/2 + k. What is the units digit of y(z)?
7
Suppose u = 3, -4*u - 688 = -5*i + i. What is the units digit of i?
5
What is the units digit of (-6)/(0 + -2) - -5?
8
Let n be 16/(7/(35/2)). Let p = n + -23. What is the tens digit of p?
1
What is the tens digit of ((-24)/7)/(6/(-63))?
3
Let k(o) = -6*o + 11. Let m be k(-9). Suppose 3*j - 2*y = m, 1 = -y - 3. What is the tens digit of j?
1
Let v(k) = -k**3 + 9*k**2 + 22*k 